 factors of s?
3, 5
Let h = -22 + 30. List the prime factors of (9/(-6))/(h/(-1648)).
3, 103
Suppose 0 = 18*l - 309262 - 288284. What are the prime factors of l?
89, 373
Suppose -8*h - 1214496 = -32*h. List the prime factors of h.
2, 3, 4217
Let g = -2624 + 4080. List the prime factors of g + 0/(-29) + 4/1.
2, 5, 73
Let w(m) = -2*m**3 - 34*m**2 + 37*m + 22. Let v be w(-18). Suppose 0 = v*n - 0*n + 3*i - 596, -4*i + 288 = 2*n. What are the prime factors of n?
2, 19
Suppose -4*u - 4 = -20. Suppose 1288 + 708 = u*o - 4*i, -494 = -o - 4*i. List the prime factors of o.
2, 3, 83
Let p be (-4)/(-10)*5 - -2. Let n(b) = 2*b**2 - 8*b + 3. Let f be n(p). Suppose -f*k + 35 = -211. List the prime factors of k.
2, 41
Let q = 58628 - 26614. List the prime factors of q.
2, 16007
Let q(k) = 5*k**2 + 14*k - 6. Let j be -7 - 0 - (20 + -22). Let p be q(j). Let d = p - 15. What are the prime factors of d?
2, 17
Suppose 42*r = 46*r - 4396. List the prime factors of r.
7, 157
Let g = 42413 + -24585. List the prime factors of g.
2, 4457
Let a(s) = s**3 - 11*s**2 + 12*s - 18. Suppose -6 = l + 4*t, 3*l - 23 = 5*t + 27. Let i be a(l). What are the prime factors of (-2)/(2/(-7))*(7 - i)?
5, 7
Let c be ((-8)/(-6))/(18/297). Suppose -5*s - 3*k = -c, 2 = 2*k - 4*k. Suppose 2*f + 4*x = 132, 5*x + 87 = -3*f + s*f. What are the prime factors of f?
2, 7
Let s = -28929 - -42364. List the prime factors of s.
5, 2687
Let t be (2 + 4)/6 - -35. Let h be -15*((-680)/(-5))/(-4). Suppose 0 = -7*l + h + t. List the prime factors of l.
2, 3, 13
Suppose -4*x = -2 + 14. Let g(z) = 8*z**3 + 3*z**2 - 3*z + 3. Let i be g(x). Let c = i + 296. List the prime factors of c.
7, 17
Suppose 19*w - 75468 + 21706 - 232910 = 0. List the prime factors of w.
2, 23, 41
Let x(b) = -595*b - 1. Let w be x(-1). Let a = w + -266. What are the prime factors of a?
2, 41
Let i(w) = w - 1. Let n be i(4). Let y(c) = -11*c**2 - 5*c - 6. Let f(t) = -t**2 - t. Let k(l) = 4*f(l) - y(l). What are the prime factors of k(n)?
2, 3
Suppose 4*a + 21*a - 250 = 0. Suppose -a*p + 4*p + 336 = 0. What are the prime factors of p?
2, 7
Suppose -3*b + 31427 = 4*c - 10254, 5*b + 20847 = 2*c. What are the prime factors of c?
17, 613
Suppose 0 = h - 4*a - 18787 - 1342, -4*a + 100765 = 5*h. List the prime factors of h.
20149
Let c = 162 + -785. Let b = 1091 + c. Suppose -5*p = -4*x - 1200, 2*p + 11*x - 15*x = b. List the prime factors of p.
2, 61
Let x = 5151 + 30629. What are the prime factors of x?
2, 5, 1789
Let b(t) = -4*t**3 - 33*t**2 + 119*t + 219. What are the prime factors of b(-22)?
53, 457
Let x(b) be the second derivative of 5*b**3/6 + 59*b**2/2 - 2*b. Suppose -13*f + 3*g = -9*f - 29, -5*g = -25. What are the prime factors of x(f)?
2, 3, 19
Suppose 536*k + 532*k - 103600 = 1060*k. What are the prime factors of k?
2, 5, 7, 37
Let z be (3/(-1))/((36/116)/(-3)). Let a = z + 8. Suppose i - 5*i - 16 = 0, p + 3*i - a = 0. What are the prime factors of p?
7
Let t(j) = -j**3 + 7*j**2 + 8*j + 10. Let f be t(8). Suppose 12*m + 4 = f*m. What are the prime factors of (15/6)/(-5)*(m + -192)?
97
Suppose 0 = 6*q - 3695 - 3757. Suppose 77*m - 80*m + q = 0. List the prime factors of m.
2, 3, 23
Suppose 3*q - 18*q - 60 = 0. What are the prime factors of ((-241)/2 - 1)*q?
2, 3
Let c(u) = u**2 - 6*u - 31. Let s be c(10). Let r(d) = 24*d - 177. What are the prime factors of r(s)?
3, 13
Let p(a) = -9*a - 51. Let u be p(-6). Suppose 5*g = -0*j - 3*j + 1022, -2*j + u*g + 713 = 0. What are the prime factors of j?
349
Let u(a) be the first derivative of -3*a**2/2 + 6*a - 16. Let d be u(4). What are the prime factors of (2 - (-66)/(-9))*d?
2
Let y = -664 - -1194. Let c = 796 - y. What are the prime factors of c?
2, 7, 19
Let m = -2623 + 7546. Suppose 10*k - m = 857. List the prime factors of k.
2, 17
Let c(q) = 270*q - 686. What are the prime factors of c(33)?
2, 257
Let b = 37 + -33. Suppose -4*u + b*a + 16 = 0, -a + 5 = 3*u - 15. Suppose -u*k = -1185 + 441. What are the prime factors of k?
2, 31
Suppose 668*g + 164934 = 689*g. List the prime factors of g.
2, 3, 7, 11, 17
Let h = 53564 + -35161. List the prime factors of h.
7, 11, 239
List the prime factors of (171/(-38))/(-2*(-9)/(-4032)).
2, 3, 7
Let k = -204 + 211. List the prime factors of 15*(560/6)/k.
2, 5
Let a = 8484 + 1216. What are the prime factors of a?
2, 5, 97
Let y = 60 + 15. Suppose -y = 29*m - 26*m. Let r = 113 + m. List the prime factors of r.
2, 11
Let a(c) = -2*c**3 + 2*c**2 + 77. Suppose 3*k + k + 16 = 4*t, -4*t = 2*k - 16. List the prime factors of a(k).
7, 11
Suppose -19*m - 30*m + 180880 = 7*m. List the prime factors of m.
2, 5, 17, 19
Let k = 312 - -4784. Suppose -4*z - k = -4*n, 9*z - 4*z = -3*n + 3854. What are the prime factors of n?
2, 3, 71
Suppose -2*i = -3*w + 1393, -179*w - 1856 = -183*w + 4*i. List the prime factors of w.
3, 5, 31
Let i = 214 + 432. Suppose 13*b - 3*s = 9*b + 650, 4*b = s + i. What are the prime factors of b?
7, 23
Let a be (-4 + -1 - 2)*-15. Let r = -38 - a. Let g = -118 - r. List the prime factors of g.
5
Suppose -z + 42357 = 3*g, 4*g - 48807 + 218203 = 4*z. What are the prime factors of z?
3, 19, 743
Suppose 0*d = 4*s - 4*d - 32, -s + 2*d + 12 = 0. What are the prime factors of (-6 + 39/s)*96?
2, 3, 5
Suppose 13*o - 6*o = 2639. Suppose 382*y - o*y = 995. List the prime factors of y.
199
Suppose 4*y - 192 = -0*y - m, -2*m = -3*y + 144. Let q be 150/(-4)*y/(-5). Suppose -1425 + q = -5*r. List the prime factors of r.
3, 71
Let v = 1300 - 845. What are the prime factors of (-16 + 4)/4 + 0 + v?
2, 113
Let h(j) = 1024*j - 8. Let q be h(3). Suppose -q = -6*v + 242. What are the prime factors of v?
19, 29
Suppose 555*d - 540940 = 272*d + 263*d. List the prime factors of d.
17, 37, 43
Let z = 12727 + -26337. What are the prime factors of z/(-25) - 4/10?
2, 17
List the prime factors of (-112915)/(-11) + (5/1 - 54/6).
31, 331
Let r be (2/(-6))/((-15)/(-9) + -2). Let a(b) = 129*b + 5. List the prime factors of a(r).
2, 67
Let l = 5 + -2. Suppose 3*n - 36 = l*g, 3*g = 4*g - 4*n + 3. What are the prime factors of g*(1/3)/(2/(-6))?
3, 5
Suppose -1922 - 5728 = -85*v. What are the prime factors of v?
2, 3, 5
Let a(o) = -o**3 - 6*o**2 - 13*o + 4. Let l(h) = 5*h**3 + 24*h**2 + 53*h - 16. Let f(n) = -9*a(n) - 2*l(n). List the prime factors of f(-6).
2, 181
Let c be (-595)/14*(-4)/5. Let m be c/2*-1*-1. Suppose -114 = 14*u - m*u. What are the prime factors of u?
2, 19
Suppose 0*g - g = 5*u - 37, -3*g + 16 = -4*u. Suppose 0 = 13*a - g*a - 147. What are the prime factors of a?
3, 7
Let s(v) = v**2 - 2*v + 10. Let k be s(4). Suppose -4*x - k = -x. Let l(z) = -10*z - 1. List the prime factors of l(x).
59
Suppose 98*r = 100*r - 44. Suppose -2285 = -r*a + 4953. List the prime factors of a.
7, 47
Suppose 0 = a + 10*a. Suppose a = 3*s + 15, 0 = u + 4*u + 2*s - 2820. Suppose -170 + u = 6*y. List the prime factors of y.
2, 3, 11
Suppose -44*z + 54*z = 92160. List the prime factors of z.
2, 3
Suppose -3*b = 686 - 2144. Let i be ((-56)/(-12))/((-9)/b). Let s = -52 - i. What are the prime factors of s?
2, 5
Let j(g) = -142*g + 9805. What are the prime factors of j(0)?
5, 37, 53
Let n = -765 - -1840. Suppose -1068*i + n*i - 4242 = 0. List the prime factors of i.
2, 3, 101
Suppose 1397 + 2399 = f - q, -f - q = -3794. Suppose 3*h - 11 - f = 5*u, 5*h = -5*u + 6290. List the prime factors of h.
2, 631
Let g(j) = 42*j + 3. Let y be g(3). Let b = y - -21. What are the prime factors of b?
2, 3, 5
Suppose -14*g = -4*g - 560. Suppose 20*z + 34884 = g*z. List the prime factors of z.
3, 17, 19
Suppose -f - 2*c + 6396 = 0, -4*c - 31772 + 6152 = -4*f. What are the prime factors of f?
2, 3, 11, 97
Let m(i) be the first derivative of i**4/2 - i**3 - i**2/2 + 4*i + 26. Let b be m(2). Suppose -5*o = 4*x - 453, 5*o - b = -1. List the prime factors of x.
2, 7
Let a(v) = v**2 - 56*v + 109. Let j be a(54). Suppose 19 = 5*s - j, -4*s - 619 = -w. List the prime factors of w.
5, 127
Suppose -10829 = -10*f + 14881. What are the prime factors of f?
3, 857
Let r(d) = -12*d - 3. Let a be r(1). Let w = a - -1. What are the prime factors of 1/(6/(-116))*21/w?
29
Let d be (-4 - 68/(-8))*8/(-6). Let p(v) = -20*v + 38. Let x(r) = 38*r - 75. Let j(c) = -5*p(c) - 3*x(c). List the prime factors of j(d).
7, 17
Let